{"id":2441,"date":"2012-09-23T12:26:23","date_gmt":"2012-09-23T10:26:23","guid":{"rendered":"http:\/\/www.idrologia.polito.it\/web2\/?page_id=2441"},"modified":"2015-05-17T23:57:28","modified_gmt":"2015-05-17T21:57:28","slug":"collaborazioni","status":"publish","type":"page","link":"https:\/\/www.idrologia.polito.it\/web2\/didattica\/collaborazioni\/","title":{"rendered":"Collaborazioni &#8211; TESI ALL&#8217;ESTERO"},"content":{"rendered":"<p>Grazie al <a href=\"https:\/\/didattica.polito.it\/studiare_estero\/attivita\/tesi%20su%20proposta.html\">contributo economico<\/a>\u00a0del Politecnico di Torino (2 bandi\/anno, a Gennaio e luglio) \u00e8 possibile svolgere tesi all&#8217;estero in materie attinenti ai corsi di Idrologia e Protezione Idraulica del Territorio.\u00a0<strong>Prima di avanzare una proposta<\/strong>, che per lunghe durate richiede un preavviso di almeno 4-5 mesi, \u00e8 necessario preparare un <strong><em>Motivation Sheet<\/em>\u00a0in inglese<\/strong>, nel quale inserire gli elementi in base ai quali si esprime interesse (tipo di argomento, esperienza lavorativa, lingua e contesto sociale ed accademico) e le proprie capacit\u00e0 \u00a0linguistiche (non necessariamente molto avanzate).\u00a0Serve anche un <strong>CV ben organizzato<\/strong>\u00a0(leggere prima <a href=\"http:\/\/www.idrologia.polito.it\/didattica\/ORIENTAMENTO_SUI_SERVIZI_DEL_POLI\/Un%20curriculum%20su%203%20e'%20sbagliato.pdf\">qui<\/a>) che riporti\u00a0tutte le caratteristiche e capacit\u00e0 tecnico-scientifico-organizzative ritenute rilevanti. Infine, \u00e8 importante definire bene quanto tempo si pu\u00f2\/vuole trascorrere all&#8217;estero ed a partire da quale data.<br \/>\nDi seguito viene riportato un elenco di colleghi che hanno ospitato o sono disponibili ad ospitare tesisti. L&#8217;elenco non \u00e8 esaustivo;\u00a0altre possibilit\u00e0 possono derivare da specifici interessi e contatti autonomi evidenziati nel motivation sheet.<\/p>\n<h3 style=\"text-align: center;\">Main Contacts<\/h3>\n<p id=\"_mcePaste\">Paolo D&#8217;Odorico, University of Virginia, USA<\/p>\n<p>Gabriel Katul, Amilcare Porporato, Duke University, Durham, USA<\/p>\n<p>Enrique R. Vivoni, Arizona State University, Tempe, USA<\/p>\n<p>Hector Malano , University of Melbourne, Australia<\/p>\n<p>Edoardo Daly, Monash University, Melbourne,Australia<\/p>\n<p>Annalisa Molini, Masdar Institute, Abu Dhabi<\/p>\n<p>Bruno Merz, Heidi Kreibich, GFZ Postdam, Germany<\/p>\n<p>Paolo Burlando, ETH &#8211; Zurich<\/p>\n<p>Valerio Lucarini, Meteorological Institute,\u00a0University of Hamburg<\/p>\n<p>Joaquin Andreu Alvarez, Universidad Politecnica de Valencia, Spain<\/p>\n<p>Guenter Bloeschl, Alberto Viglione, Technische Universit\u00e4t Wien, Austria,<\/p>\n<p>Pietro Bernardara, EDF, London, UK<\/p>\n<p>Giuliano Di Baldassarre, Luigia Brandimarte, Uppsala University,\u00a0Sweden<\/p>\n<p>Laurent Pfister, Lippman Institute, Luxembourg<\/p>\n<p><a href=\"http:\/\/english.uvw.nl\/index.html\">Dutch Water Authorities<\/a> &#8211;\u00a0The Netherlands<\/p>\n<p>David Finger, Philippe Crochet,\u00a0Reykjav\u00edk University<\/p>\n<p>Ralf Merz, UFZ, Helmoltz Centre for Env. Res., Leipzig (Ger)<\/p>\n<p>&nbsp;<\/p>\n<p><a href=\"https:\/\/didattica.polito.it\/studiare_estero\/attivita\/tesi%20su%20proposta.html\">Pagina informativa<\/a>\u00a0per contributi per tesi all&#8217;estero.<\/p>\n<p><a href=\"http:\/\/www.idrologia.polito.it\/didattica\/Tesi_Laurea\/Thesis_Project_proposal.pdf\">Schema<\/a> di redazione di un proposal (avanzato) per svolgimento tesi<\/p>\n<p><a href=\"http:\/\/www.idrologia.polito.it\/web2\/?p=334\">Argomenti<\/a> da svolgere in possibile collaborazione con i\u00a0colleghi sopra indicati.<\/p>\n","protected":false},"excerpt":{"rendered":"<p>Grazie al contributo economico del Politecnico di Torino (2 bandi\/anno, a Gennaio e luglio) \u00e8 possibile svolgere tesi all&#8217;estero in materie attinenti ai corsi di Idrologia e Protezione Idraulica del Territorio. Prima di avanzare una proposta, che per lunghe durate richiede un preavviso di almeno 4-5 mesi, \u00e8 necessario preparare un Motivation Sheet in inglese, [&#8230;]<\/p>\n","protected":false},"author":5,"featured_media":0,"parent":13,"menu_order":1,"comment_status":"closed","ping_status":"closed","template":"","meta":[],"_links":{"self":[{"href":"https:\/\/www.idrologia.polito.it\/web2\/wp-json\/wp\/v2\/pages\/2441"}],"collection":[{"href":"https:\/\/www.idrologia.polito.it\/web2\/wp-json\/wp\/v2\/pages"}],"about":[{"href":"https:\/\/www.idrologia.polito.it\/web2\/wp-json\/wp\/v2\/types\/page"}],"author":[{"embeddable":true,"href":"https:\/\/www.idrologia.polito.it\/web2\/wp-json\/wp\/v2\/users\/5"}],"replies":[{"embeddable":true,"href":"https:\/\/www.idrologia.polito.it\/web2\/wp-json\/wp\/v2\/comments?post=2441"}],"version-history":[{"count":22,"href":"https:\/\/www.idrologia.polito.it\/web2\/wp-json\/wp\/v2\/pages\/2441\/revisions"}],"predecessor-version":[{"id":2843,"href":"https:\/\/www.idrologia.polito.it\/web2\/wp-json\/wp\/v2\/pages\/2441\/revisions\/2843"}],"up":[{"embeddable":true,"href":"https:\/\/www.idrologia.polito.it\/web2\/wp-json\/wp\/v2\/pages\/13"}],"wp:attachment":[{"href":"https:\/\/www.idrologia.polito.it\/web2\/wp-json\/wp\/v2\/media?parent=2441"}],"curies":[{"name":"wp","href":"https:\/\/api.w.org\/{rel}","templated":true}]}}